e factors of d?
179
Suppose 5*r - 18 = 2*r. What are the prime factors of (-1 - -75)*r/12?
37
Suppose 9*i - 594 = 90. List the prime factors of i.
2, 19
Suppose -d = -5 - 10. List the prime factors of d.
3, 5
Let v(f) be the first derivative of 2*f**2 - 3*f - 1. Let n(m) = 9*m - 7. Let k(l) = 6*n(l) - 13*v(l). List the prime factors of k(6).
3
Let z be (0 - -3) + (-6)/6. Suppose 0*x - 16 = -z*x. List the prime factors of x.
2
Suppose 4*l - 2 = 6. Suppose -2*b + 32 = 5*h, -5*h - l = 4*b - 36. What are the prime factors of h?
2, 3
Suppose -3*i = -i + 12. Let l = i + 17. List the prime factors of l.
11
Suppose -3*s = -4*s + 5. Suppose -57 + 2 = -s*g. Suppose -3*q + 27 = y, 0 = y - q - g. List the prime factors of y.
3, 5
Let k(d) = d**3 - 7*d**2 - 7*d - 4. Let o be k(8). List the prime factors of 8/(-12)*(-66)/o.
11
List the prime factors of (-3 - -8)*14/5.
2, 7
Let j(d) = -d**2 - 8*d - 5. Let f(s) = 3*s**2 + 23*s + 14. Let l(z) = -3*f(z) - 8*j(z). Let r be l(-4). What are the prime factors of (r/5)/(3/75)?
2, 5
Let z be 1/(4/(-2) + 3). Let t = z - -3. Suppose -t*h + 3 = -5. List the prime factors of h.
2
Suppose 9*j - 285 = 4*j. What are the prime factors of j?
3, 19
Suppose -4*q + 7*q - 15 = 0. What are the prime factors of q?
5
Suppose -3*h = h + i - 136, 5*h = 2*i + 157. Let u = h - 21. List the prime factors of u.
2, 3
Let t(v) = v**2 + 5*v + 2. List the prime factors of t(-6).
2
Let r(c) = -c**2 + 6*c - 4. Let n be r(3). Suppose 4*y = -y + n. List the prime factors of y/(-3) + 20/6.
3
Suppose -4*j = -6*j + 2. List the prime factors of 21 - j - 14/7.
2, 3
Let o(c) be the third derivative of -c**6/120 + c**5/60 - c**4/24 + 5*c**3/6 + 4*c**2. List the prime factors of o(0).
5
Let p(c) = 4*c**2 + 7*c + 45. List the prime factors of p(-7).
2, 3
Suppose 0 = -5*c - 5*x + 150, 4*c - 72 = 2*c + 2*x. List the prime factors of c.
3, 11
Suppose r + r = -90. Let j = -28 - r. What are the prime factors of j?
17
Suppose 5*u - 105 = 2*u. Let i = -22 + u. List the prime factors of i.
13
Let n(u) = 7*u**2 + 4*u + 9. List the prime factors of n(4).
137
Let m = -21 + 57. What are the prime factors of m?
2, 3
Let t = -3 - -6. Suppose t*a = 3*n + 6, -22 = -a - 0*n - 3*n. What are the prime factors of a?
7
Let o = 309 + -175. List the prime factors of o.
2, 67
Let z be 4*-1*2*1. Let h(t) be the third derivative of t**4/24 + 3*t**3 + 7*t**2. List the prime factors of h(z).
2, 5
Suppose 15*b - 13*b = 22. List the prime factors of b.
11
Let n = 113 + -64. What are the prime factors of 2233/n + (-8)/14?
3, 5
Suppose 0*u + 4*u = 208. Suppose -3*c + u = c. List the prime factors of c.
13
What are the prime factors of 13200/135 + 1/(-18)*-4?
2, 7
Let y be 0*(0 - -3)/3. Suppose 0 = 3*m - 3*w - 45, y*w + w = -4*m + 40. What are the prime factors of m?
11
Suppose -2 = 3*p - 11. Suppose u = -p*u + 28. What are the prime factors of u?
7
Suppose -10*x + 4*x = -270. What are the prime factors of x?
3, 5
Suppose 50 = n - 34. What are the prime factors of n?
2, 3, 7
Let i be 16/(-12)*1*3. Let r = 4 + i. Suppose r = 2*g - 10 - 6. List the prime factors of g.
2
Let a(w) = w**3 - 2*w**2 - 2*w - 3. Let y be a(3). Suppose -3*d + 73 = -y*d - u, 0 = -u - 4. What are the prime factors of d?
23
Let y = -29 - -21. List the prime factors of 2/y + 356/16.
2, 11
Let u be 3 + (-1)/1 - -1. Let d(a) = -10*a**2 - 6*a - 1 - 3*a - a**u + a**2. List the prime factors of d(-8).
7
Suppose -5*h + 2 = 17. List the prime factors of (-45)/h - 0/2.
3, 5
Let l(c) = 9*c + 2. Let x = -14 + 17. List the prime factors of l(x).
29
Suppose 0 = g - 6 - 34. Suppose 4*a + g = 8*a. What are the prime factors of a?
2, 5
Let f be (45/6)/(3/6). Let i = 10 - -23. Suppose -i = -3*j - 5*h, 2*j = 4*h + 7 + f. List the prime factors of j.
11
Let d(g) be the first derivative of 3*g**2/2 - 4*g - 2. Let n be d(6). Suppose -u + n = u. What are the prime factors of u?
7
Suppose 0*j = -j - 5. Let p(a) = -2*a + 6. Let x be p(j). Suppose w - t = x, -3*w + 2*t = -4*w + 7. What are the prime factors of w?
13
Let h(f) = f**3 + 10*f**2 - 13*f - 1. Let z(q) = q**3 + 11*q**2 - 14*q - 1. Let v(s) = 3*h(s) - 2*z(s). What are the prime factors of v(-9)?
17
Let i = -22 + 11. Let k(x) = -x**3 + 8*x**2 - 3*x + 6. Let j be k(8). Let s = i - j. What are the prime factors of s?
7
Suppose -4*t + 8 = 4*c - 3*c, c + 8 = 4*t. Suppose -16 = -t*d + 3*d. What are the prime factors of 219/12 - 12/d?
19
Let k(r) = 4*r**2 - r + 5. Let o be k(-6). What are the prime factors of 2/3 + o/15?
11
Let k = 55 + 13. What are the prime factors of k/6 + 1/(-3)?
11
Suppose -3*l - 2*l + 220 = 0. What are the prime factors of l?
2, 11
Let a(f) = -20*f - 22. List the prime factors of a(-4).
2, 29
Let s(m) = 259*m**2 - m + 3. List the prime factors of s(1).
3, 29
Suppose 3*z - 132 = 693. Suppose 0 = -h - 4*h - 3*j + z, -2*j = 10. What are the prime factors of h?
2, 29
Let z(g) = -g + 8. Let r(v) = v**2 + 6*v - 3. Suppose 2*n = -4*j + 7*n - 13, 5*j + 5*n = -50. Let a be r(j). What are the prime factors of z(a)?
2
Let y(k) = 7*k**3 + 15*k**2 - 2*k + 14. Let z(i) = 8*i**3 + 16*i**2 - i + 14. Let p(t) = -7*y(t) + 6*z(t). What are the prime factors of p(-10)?
2, 3
Suppose -5*x + 290 = -5*i, -x - 106 = -3*x + 4*i. List the prime factors of x.
3, 7
Let y(g) = 8*g - 24. What are the prime factors of y(10)?
2, 7
Let c(k) = 21*k. Let u be c(1). Let b be (u/4)/(6/(-16)). Let p = -4 - b. What are the prime factors of p?
2, 5
Suppose 254 = 3*a + 62. List the prime factors of a.
2
Suppose -2*u - b = -25, 70 = 4*u + u + 4*b. Let q = -1 - u. Let w = 4 - q. What are the prime factors of w?
3, 5
Let x(z) = -81*z + 1. What are the prime factors of x(-3)?
2, 61
What are the prime factors of (1 - 4)/((-1)/15)?
3, 5
Let t(k) = k**2 - k + 4. Suppose -4*z + 30 = -l, 5*z - l - 14 = 3*z. Suppose -4*o = -z, -4*i + 6 - 4 = o. List the prime factors of t(i).
2
Suppose 6*s = 4*s - n + 33, 27 = 3*s - 3*n. What are the prime factors of s?
2, 7
Let l(r) = -r**3 - 2*r**2 + 2. Let f be l(-2). Let n be f*((-66)/(-4) - 1). Suppose -2*i + n = -3*o, o + 3*o = i - 28. What are the prime factors of i?
2
What are the prime factors of (-2568)/(-39) + 24/156?
2, 3, 11
Let m = -385 + 666. What are the prime factors of m?
281
Suppose -2*s + 5*g - 90 = 3*s, g = 5. What are the prime factors of (-1)/3 - s/3?
2
Suppose 0 = -y - 3*x - 9, 0 = y + x - 2 + 3. Suppose -y*v = -4*v + 28. What are the prime factors of v?
2, 7
Suppose 0 = -4*t + 3 + 5. Let h be -1 + t + (-2 - 1). What are the prime factors of 6 - (-2 - h/2)?
7
Suppose 5*n + 37 = 177. What are the prime factors of n?
2, 7
Let u = -3 + 3. Suppose m - 3 + 1 = 0. Suppose -4*v - m + 14 = u. List the prime factors of v.
3
Suppose -5*s - 10 + 0 = 0. Let o(c) = -17*c + 1. Let r be o(s). Suppose -4*f = -17 - r. What are the prime factors of f?
13
Let g(b) = b - 10. Let a be g(7). Let y = a - -17. List the prime factors of y.
2, 7
Suppose 2*k + 99 - 269 = 0. What are the prime factors of k?
5, 17
Suppose -3*l + 40 = -5*o + 155, -2*l - 42 = -2*o. Suppose 0 = -g + 2*c - 20, -2*g - g + 2*c - 48 = 0. Let u = o + g. List the prime factors of u.
2, 3
Let r(d) = -9*d - 14. Let w(k) = -27 - 16*k - k + 0*k. Let u(c) = -11*r(c) + 6*w(c). What are the prime factors of u(-6)?
2, 5
Let s be 3/12 + (-316)/(-16). Suppose -3*z - z + s = 0. What are the prime factors of z?
5
Suppose 3*d + 211 = 5*g, -2 = 5*d - 17. What are the prime factors of g?
2, 11
Let w(q) = q**2 + 8*q + 3. Let p be w(-8). Suppose -p*b + 8 = -b. Let y = b - 2. List the prime factors of y.
2
Suppose 0 = -3*w - 2*h + 118, -4*h = -5*w + 223 - 63. List the prime factors of 100/30*w/10.
2, 3
Let r be (6/(-4))/((-2)/(-4)). Let o be 4/(-3)*r/(-2). List the prime factors of (-4 + 7)/(o/(-6)).
3
Let g(o) = -o**3 + 5*o**2 - 6*o + 4. Let p be g(5). Suppose 8*w = 12*w + 144. Let a = p - w. What are the prime factors of a?
2, 5
Suppose -5*p + p = 0. Let g(z) = z**2 + z - 2. Let l be g(p). Let h = 1 - l. List the prime factors of h.
3
Let r = 32 + -25. What are the prime factors of r?
7
Let x = -128 + 223. What are the prime factors of x?
5, 19
Let v = -4 - -4. Suppose -y - 4*y = v. Suppose y = -4*b - s + 3*s + 26, -3*s + 24 = b. What are the prime factors of b?
3
Suppose 3*c + c = 0. Suppose c = -h + 1, h = y - 0*h - 33. Lis